). Suppose 0 = -b - 0*b - 2. Let o = n - b. List the prime factors of o.
5
Suppose -10 = s - 3. Let o be (-1 - (s + 2))*-1. Let q = o - -6. List the prime factors of q.
2
Let u be ((-9)/6)/(2/(-4)). Suppose -5*x + u*r + 3 = 0, 5*r + 5 = -x - 0*r. Suppose 3*y - 29 = k, x = -3*y - 2*k + 18 - 4. What are the prime factors of y?
2
Let l(i) = -2*i + 9. Let v = -35 - -24. Let c(x) = -x + 4. Let h(y) = v*c(y) + 6*l(y). What are the prime factors of h(7)?
3
Suppose 4*b - 4 = 0, 0*b = -5*i - 3*b + 13. Suppose -4*j + i*n = -118, 2*n + 117 - 27 = 3*j. What are the prime factors of j?
2, 7
What are the prime factors of (791/(-28))/((2/(-1))/8)?
113
Suppose 5*n - n + i + 101 = 0, 4*i = n + 38. Let q = n - -54. List the prime factors of q.
2, 7
Let y(u) = -u**2 + 6*u - 1. What are the prime factors of y(5)?
2
List the prime factors of (350/(-4))/((-1)/2).
5, 7
Suppose 5*g - 235 = 5*u, 0 = 3*g - 0*g + 5*u - 141. List the prime factors of g.
47
Suppose 0 = 4*n + 4, -2*p + 3*n - 7 = -7*p. Let s be p + (2 - 1) + 7. Let k = -5 + s. List the prime factors of k.
5
Suppose c - 40 = -3*c. Let l(s) be the third derivative of -s**6/120 + 11*s**5/60 - 3*s**4/8 - 7*s**3/6 + s**2. What are the prime factors of l(c)?
3
Let y be (-5682)/10 - (-3)/15. List the prime factors of y/(-22) - (-2)/11.
2, 13
Let m be (-6)/(-12) + (-10)/(-4). Suppose -3*l + 25 = v + 2*l, 0 = -v - m*l + 19. What are the prime factors of v?
2, 5
Let f = 19 + -18. Let d(s) = 0 + 19*s + 0*s - 1. What are the prime factors of d(f)?
2, 3
Let x = -52 - -86. List the prime factors of x.
2, 17
Let g(u) = 2*u**3 + 17*u**2 - 3*u - 37. Let z(b) = 3*b**3 + 26*b**2 - 4*b - 55. Let p(l) = 7*g(l) - 5*z(l). What are the prime factors of p(-11)?
3
Suppose 5*h = 8 - 33. Let m be h*3/((-15)/7). Let w = -3 + m. What are the prime factors of w?
2
Let h be (62 - (-3)/(-3)) + -2. Suppose 2*t = 4*t + 3*b - 7, -4*t + 3*b = -h. List the prime factors of t.
11
What are the prime factors of 140/(-10)*(0 + -1)?
2, 7
Let t(s) = 3*s + 1. List the prime factors of t(5).
2
Let k = -1 + 10. Suppose -2*g + 11 = -k. What are the prime factors of g?
2, 5
List the prime factors of 920/32 + 1/4.
29
Let b be 4/6 - (-20)/6. Suppose -a - c + 3 = 0, c = -b*a + 6*c + 57. Suppose 0 = -q - 0*q - 2*r + a, 0 = -5*q + 2*r + 4. List the prime factors of q.
2
Suppose z - o + 3*o - 42 = 0, z = 2*o + 62. What are the prime factors of z?
2, 13
Suppose 6 = -p - 12. Let q = 35 + p. Let z = 26 - q. List the prime factors of z.
3
Let a be (0/(-3))/(6/(-3)). Suppose 4*f - 12 = -4*z, 5*f + a*z - 2*z = 43. List the prime factors of f.
7
Let i = 25 + -8. Let q = -20 + 14. Let b = q + i. What are the prime factors of b?
11
Suppose 0 = -5*u + 49 + 76. Suppose -3*p + 2*t = 3*t - 20, 4*p + t - u = 0. Suppose -p*d = -29 + 4. List the prime factors of d.
5
Let c(s) be the first derivative of s**6/45 + s**5/120 - s**4/24 - 2*s**3/3 - 1. Let b(t) be the third derivative of c(t). List the prime factors of b(1).
2
Let p(y) = -y**2 + 3*y + 2. Let l be p(4). Let r = -3 - l. What are the prime factors of r/5 + 230/25?
3
Suppose -11 - 73 = o. What are the prime factors of (-2)/7 + (-3216)/o?
2, 19
Let i be ((-2)/(-3))/((-2)/(-78)). Let x = i + -7. What are the prime factors of x?
19
Suppose l + 5*d = 44, 6*l - 76 = 2*l + 5*d. Let k = -1 + l. What are the prime factors of k?
23
Suppose 4*c - 2*c - 18 = 0. Let m = -7 + c. List the prime factors of m.
2
Suppose -k - 114 = -3*d + 2*k, -2*d = 4*k - 58. List the prime factors of d.
5, 7
Suppose 10 = -2*t, 71 = c + t + 4*t. What are the prime factors of c?
2, 3
Let d be (-1*2)/(3/(-12)). What are the prime factors of 38/3 + d/(-12)?
2, 3
Let s = -58 + 110. Let t = s + -12. Suppose -t = -5*k - 2*l - 3*l, 4 = 4*l. List the prime factors of k.
7
Let j(q) = 3*q**3 - 5*q**2 + 5. Let n(b) = 7*b**3 - 10*b**2 + 11. Let m(x) = -5*j(x) + 2*n(x). What are the prime factors of m(4)?
13
Let u(r) = 8*r**2 - r. List the prime factors of u(2).
2, 3, 5
Suppose -3 = -3*m + 2*m. Let r be 2/(-6)*(-12 + m). Suppose 4*l + 4*o - 32 = 0, -5*o - 17 = -r*l - o. List the prime factors of l.
7
Suppose 4*s = p + 39 - 194, 3*s = -3. What are the prime factors of p?
151
Suppose 0 = -0*k + 5*k + 4*n + 39, -2*n - 30 = 4*k. Let f = -8 - k. What are the prime factors of 6/(f/(-2) + 0)?
2, 3
Suppose 0 = o + o. Suppose o = 2*z, 4*n + 8 = -7*z + 4*z. Let r = 10 - n. What are the prime factors of r?
2, 3
Let n(k) be the third derivative of -k**5/60 + k**4/4 + 2*k**3/3 - k**2. Suppose -3*b - 3*m + 5 = 2*m, -18 = -4*b - m. What are the prime factors of n(b)?
3
Let h(n) = -3*n + 4*n + 22 + 3*n - 3*n. List the prime factors of h(0).
2, 11
Suppose 4*m = -0*m - 20. List the prime factors of m/(25/28)*-10.
2, 7
Suppose -x + 15 = 3. What are the prime factors of x?
2, 3
What are the prime factors of ((-536)/(-10))/(2/5)?
2, 67
Suppose -4*m + 372 = v + 3*v, 0 = m - 2*v - 108. What are the prime factors of m?
2, 7
Let f(s) = -2*s. Let o be f(-1). Suppose r = -4*m + 18, m + 0*r - o*r = 0. What are the prime factors of m?
2
Let x = -8 - -21. What are the prime factors of x?
13
Let d = -19 - -13. What are the prime factors of 8/(-48) - 199/d?
3, 11
Let g(n) = n + 1. What are the prime factors of g(13)?
2, 7
Let s be (2 - 5)*-1 - -4. Let h = -7 - -12. Suppose 2*q - s = h. What are the prime factors of q?
2, 3
Let z be (0 - -1) + 0/3. Suppose -17 = -4*n - z. Suppose 0 = -3*w - 0*w + n*y + 34, 4*w - y - 28 = 0. List the prime factors of w.
2, 3
Let s = 2 - -1. Suppose -9 = s*n, -2*n + 47 = 4*o - 7. Suppose -o = -3*p - 2*p. List the prime factors of p.
3
Let l = 220 + -130. What are the prime factors of l?
2, 3, 5
Suppose -4*c + 5*n = -425, -3*n - n - 4 = 0. List the prime factors of c.
3, 5, 7
Suppose 0*c + 230 = 2*c. Suppose 0 = 2*h + 3*y + 71, 3*h = -2*h + 5*y - c. What are the prime factors of -1 - 3/(6/h)?
13
Let w(r) = r**3 + 3*r**2 - 6*r - 5. Let p be w(-4). Suppose -5*t = u - 31, 0*u + p*u + 3*t - 33 = 0. What are the prime factors of u?
2, 3
Suppose -4*v + 168 = 6*l - 3*l, 3*v = l + 139. List the prime factors of v.
3, 5
Let h(r) = -r**2 - 6*r + 3. Let b be h(-5). Let n be 3/(-2)*2/(-3). Let x = b + n. List the prime factors of x.
3
Let h(i) = i**2 + 11*i + 8. Let t be h(-10). Let d be 2/(-2)*(4 - -2). List the prime factors of t*(-3)/d*-9.
3
Let l(p) = 5*p - 13. What are the prime factors of l(16)?
67
Let v(w) = 5*w + 2. Let i = 14 - 8. List the prime factors of v(i).
2
Let j be (2*183/(-6))/(-1). Suppose 44 = 5*s - j. What are the prime factors of s?
3, 7
Let y(f) = f**2 - 3*f - 8. Let c be y(12). Suppose -2*p = -7*p + c. List the prime factors of p.
2, 5
Let b = 9 + 15. Suppose 4*l + 4 = b. List the prime factors of l.
5
Suppose 0*o - 5*o + 3*w = -12, 4*o - 3*w - 9 = 0. Let q be (3/o - -1) + 5. List the prime factors of (q/4)/((-4)/(-16)).
7
Suppose -3*i + 9 = -0*i. Suppose -i*k + 47 + 1 = 0. List the prime factors of k.
2
Suppose -2*x = -b - 10, -5*x = -5*b - 29 - 1. Suppose 0 = x*j - 0*j - 4. Let r = 1 + j. List the prime factors of r.
2
What are the prime factors of (-2)/(-7) + 204/21?
2, 5
Suppose 7*n - 7 - 469 = 0. What are the prime factors of n?
2, 17
Let n = -62 - -90. What are the prime factors of n?
2, 7
Let s = -489 + 748. List the prime factors of s.
7, 37
Let y = -5 - -3. Let i = 2 - y. Suppose -1 = -x + 1, 3*b - i = x. What are the prime factors of b?
2
Suppose 0 = 9*r - 27 - 234. List the prime factors of r.
29
Suppose -2*t - 4*f = -3*t + 45, -3*f = 2*t - 68. List the prime factors of t.
37
Let g(n) = -n**3 + 4*n**2 + 2*n - 4. Let p(k) = k**2 - 4*k. Let h be p(3). Let b = h - -7. List the prime factors of g(b).
2
Suppose s - 2 = -0. What are the prime factors of s?
2
List the prime factors of (-2 - (-120)/2)*5/5.
2, 29
Suppose -q + 6*q = 0. Let t(j) = -j**2 + j + 17. List the prime factors of t(q).
17
Let h(f) = f**3 + 6*f**2 - 7. What are the prime factors of h(-4)?
5
Let z = 11 - 3. Let s be 1 + (-5 - -1) + z. Suppose -2*c = t - 11, -s*t + 4*c - c = -42. List the prime factors of t.
3
Suppose -4*s - 3*b + 228 = 0, -5*s + 131 = -5*b - 154. Let p be (-2)/(-8) + s/12. Suppose -p*w + 39 = -21. What are the prime factors of w?
2, 3
Let k = 5 + 23. What are the prime factors of k?
2, 7
Suppose 0 = -3*a - 2*z + 85, z - 5 = -0. What are the prime factors of a?